{"id":6871,"date":"2021-09-28T15:11:05","date_gmt":"2021-09-28T15:11:05","guid":{"rendered":"http:\/\/dummy.xtemos.com\/woodmart2\/?page_id=6871"},"modified":"2025-08-18T03:23:39","modified_gmt":"2025-08-18T00:23:39","slug":"taskin-cay","status":"publish","type":"page","link":"https:\/\/taskincay.com\/?page_id=6871","title":{"rendered":"Ta\u015fk\u0131n \u00c7ay"},"content":{"rendered":"<div class=\"wpb-content-wrapper\"><p>[vc_row full_width=&#8221;stretch_row&#8221; full_height=&#8221;yes&#8221; content_placement=&#8221;middle&#8221; video_bg=&#8221;yes&#8221; video_bg_url=&#8221;https:\/\/www.youtube.com\/watch?v=H28GxPlYbvo&#8221; woodmart_gradient_switch=&#8221;yes&#8221; css=&#8221;.vc_custom_1755469563890{margin-bottom: 80px !important;padding-top: 130px !important;padding-bottom: 130px !important;background-color: #0a0a0a !important;background-position: center !important;background-repeat: no-repeat !important;background-size: cover !important;}&#8221; woodmart_color_gradient=&#8221;rgba(0, 0, 0, 0.1)-0\/rgba(0, 0, 0, 0.1)-100\/|linear-gradient(left , rgba(0, 0, 0, 0.1) , rgba(0, 0, 0, 0.1) 100%)|linear|left&#8221; woodmart_parallax=&#8221;0&#8243; row_reverse_mobile=&#8221;0&#8243; row_reverse_tablet=&#8221;0&#8243; woodmart_disable_overflow=&#8221;0&#8243; woodmart_css_id=&#8221;68a256f806da1&#8243; responsive_spacing=&#8221;eyJwYXJhbV90eXBlIjoid29vZG1hcnRfcmVzcG9uc2l2ZV9zcGFjaW5nIiwic2VsZWN0b3JfaWQiOiI2OGEyNTZmODA2ZGExIiwic2hvcnRjb2RlIjoidmNfcm93IiwiZGF0YSI6eyJ0YWJsZXQiOnsibWFyZ2luLWJvdHRvbSI6IjYwcHgifSwibW9iaWxlIjp7Im1hcmdpbi1ib3R0b20iOiI1MHB4IiwicGFkZGluZy10b3AiOiI3MHB4IiwicGFkZGluZy1yaWdodCI6IjE1cHgiLCJwYWRkaW5nLWJvdHRvbSI6IjcwcHgiLCJwYWRkaW5nLWxlZnQiOiIxNXB4In19fQ==&#8221; mobile_bg_img_hidden=&#8221;no&#8221; tablet_bg_img_hidden=&#8221;no&#8221; wd_z_index=&#8221;no&#8221; woodmart_box_shadow=&#8221;no&#8221;][vc_column width=&#8221;2\/3&#8243; offset=&#8221;vc_col-sm-offset-2&#8243; css=&#8221;.vc_custom_1627916390425{border-top-width: 5px !important;border-right-width: 5px !important;border-bottom-width: 5px !important;border-left-width: 5px !important;padding-top: 90px !important;padding-bottom: 90px !important;border-left-color: rgba(255,255,255,0.15) !important;border-left-style: solid !important;border-right-color: rgba(255,255,255,0.15) !important;border-right-style: solid !important;border-top-color: rgba(255,255,255,0.15) !important;border-top-style: solid !important;border-bottom-color: rgba(255,255,255,0.15) !important;border-bottom-style: solid !important;}&#8221; woodmart_css_id=&#8221;6108085b98cd4&#8243; responsive_spacing=&#8221;eyJwYXJhbV90eXBlIjoid29vZG1hcnRfcmVzcG9uc2l2ZV9zcGFjaW5nIiwic2VsZWN0b3JfaWQiOiI2MTA4MDg1Yjk4Y2Q0Iiwic2hvcnRjb2RlIjoidmNfY29sdW1uIiwiZGF0YSI6eyJ0YWJsZXQiOnt9LCJtb2JpbGUiOnsicGFkZGluZy10b3AiOiI3MCIsInBhZGRpbmctYm90dG9tIjoiNzAifX19&#8243; parallax_scroll=&#8221;no&#8221; mobile_bg_img_hidden=&#8221;no&#8221; tablet_bg_img_hidden=&#8221;no&#8221; woodmart_parallax=&#8221;0&#8243; woodmart_sticky_column=&#8221;false&#8221; mobile_reset_margin=&#8221;no&#8221; tablet_reset_margin=&#8221;no&#8221;]\n\t\t<div id=\"wd-68a2726f10932\" class=\"title-wrapper wd-wpb wd-set-mb reset-last-child  wd-rs-68a2726f10932 wd-title-color-white wd-title-style-default text-center  wd-width-custom wd-underline-colored\">\n\t\t\t\t\t\t\t\n\t\t\t\t<div class=\"title-subtitle  subtitle-color-white font-default subtitle-style-default wd-font-weight- wd-fontsize-xs\">\u00c7ay\u0131n En Saf Halini Tan\u0131tmak \u00dczere<\/div>\n\t\t\t\n\t\t\t<div class=\"liner-continer\">\n\t\t\t\t<h4 class=\"woodmart-title-container title  wd-font-weight- wd-fontsize-xxl\" >Yap\u0131m A\u015famas\u0131nday\u0131z<\/h4>\n\t\t\t\t\t\t\t<\/div>\n\t\t\t\n\t\t\t\t\t\t\t<div class=\"title-after_title reset-last-child  wd-fontsize-s\">\u00c7ay zevkinize yeni bir tan\u0131m getirece\u011fiz...<\/div>\n\t\t\t\n\t\t\t\n\t\t<\/div>\n\t\t\n\t\t\t\t<div id=\"wd-68a2574597702\" class=\"wd-text-block wd-wpb reset-last-child wd-rs-68a2574597702 text-center color-scheme-light vc_custom_1755469655086\">\n\t\t\t<p>Di\u011fer \u00fcr\u00fcnlerimiz i\u00e7in <span style=\"color: #ffffff;\"><strong><a style=\"color: #ffffff;\" href=\"https:\/\/taskinlargida.com\">Task\u0131nlar G\u0131da<\/a><\/strong><\/span> sayfam\u0131z\u0131 ziyaret edebilirsiniz.<\/p>\n\t\t<\/div>\n\t\t[\/vc_column][\/vc_row]<\/p>\n<\/div>","protected":false},"excerpt":{"rendered":"<p>[vc_row full_width=&#8221;stretch_row&#8221; full_height=&#8221;yes&#8221; content_placement=&#8221;middle&#8221; video_bg=&#8221;yes&#8221; video_bg_url=&#8221;https:\/\/www.youtube.com\/watch?v=H28GxPlYbvo&#8221; woodmart_gradient_switch=&#8221;yes&#8221; css=&#8221;.vc_custom_1755469563890{margin-bottom: 80px !important;padding-top: 130px !important;padding-bottom: 130px !important;background-color: #0a0a0a !important;background-position: center !important;background-repeat: no-repeat !important;background-size:<\/p>\n","protected":false},"author":1,"featured_media":0,"parent":0,"menu_order":0,"comment_status":"closed","ping_status":"closed","template":"maintenance.php","meta":{"footnotes":""},"class_list":["post-6871","page","type-page","status-publish","hentry"],"jetpack_sharing_enabled":true,"_links":{"self":[{"href":"https:\/\/taskincay.com\/index.php?rest_route=\/wp\/v2\/pages\/6871","targetHints":{"allow":["GET"]}}],"collection":[{"href":"https:\/\/taskincay.com\/index.php?rest_route=\/wp\/v2\/pages"}],"about":[{"href":"https:\/\/taskincay.com\/index.php?rest_route=\/wp\/v2\/types\/page"}],"author":[{"embeddable":true,"href":"https:\/\/taskincay.com\/index.php?rest_route=\/wp\/v2\/users\/1"}],"replies":[{"embeddable":true,"href":"https:\/\/taskincay.com\/index.php?rest_route=%2Fwp%2Fv2%2Fcomments&post=6871"}],"version-history":[{"count":5,"href":"https:\/\/taskincay.com\/index.php?rest_route=\/wp\/v2\/pages\/6871\/revisions"}],"predecessor-version":[{"id":10530,"href":"https:\/\/taskincay.com\/index.php?rest_route=\/wp\/v2\/pages\/6871\/revisions\/10530"}],"wp:attachment":[{"href":"https:\/\/taskincay.com\/index.php?rest_route=%2Fwp%2Fv2%2Fmedia&parent=6871"}],"curies":[{"name":"wp","href":"https:\/\/api.w.org\/{rel}","templated":true}]}}